 factors of 225428641?
225428641
What are the prime factors of 8480516?
2, 11, 97, 1987
List the prime factors of 381523811.
381523811
List the prime factors of 483134211.
3, 7, 107, 71671
What are the prime factors of 7699886668?
2, 71, 27112277
List the prime factors of 275442947.
13, 21187919
List the prime factors of 5724677.
7, 23, 31, 37
What are the prime factors of 37226582?
2, 2341, 7951
List the prime factors of 126198029.
126198029
What are the prime factors of 5334994721?
7, 1451, 525253
List the prime factors of 364945921.
761, 479561
What are the prime factors of 280325909?
23, 12188083
List the prime factors of 33956058.
2, 3, 5659343
What are the prime factors of 1254794541?
3, 7, 11, 13, 281, 1487
What are the prime factors of 192807915?
3, 5, 19, 43, 15733
List the prime factors of 96819640.
2, 5, 617, 3923
List the prime factors of 134638251.
3, 11, 23, 179, 991
List the prime factors of 824477806.
2, 181, 1117, 2039
What are the prime factors of 599664192?
2, 3, 491, 6361
What are the prime factors of 647956572?
2, 3, 53996381
What are the prime factors of 1570916734?
2, 113, 6950959
List the prime factors of 2971280291.
7, 41, 10352893
What are the prime factors of 29767728?
2, 3, 620161
List the prime factors of 8883731291.
8883731291
What are the prime factors of 715716828?
2, 3, 41, 97, 4999
List the prime factors of 122640727.
11, 499, 22343
What are the prime factors of 218319319?
179, 521, 2341
What are the prime factors of 790018714?
2, 395009357
What are the prime factors of 5860027526?
2, 31, 8231, 11483
What are the prime factors of 68783680?
2, 5, 7, 30707
List the prime factors of 70938062.
2, 13, 53, 51479
What are the prime factors of 72173928?
2, 3, 3007247
What are the prime factors of 7920727780?
2, 5, 7, 197, 287191
List the prime factors of 46545013.
61, 257, 2969
List the prime factors of 358038498.
2, 3, 59673083
List the prime factors of 280115767.
280115767
What are the prime factors of 168655619?
11, 23, 29, 127, 181
List the prime factors of 6998227.
1201, 5827
What are the prime factors of 4478457198?
2, 3, 419, 1781407
What are the prime factors of 545623880?
2, 5, 67, 203591
List the prime factors of 332810148.
2, 3, 11, 29, 227, 383
What are the prime factors of 62545719?
3, 20848573
List the prime factors of 1482937574.
2, 17, 19, 2295569
What are the prime factors of 160533025?
5, 53, 121157
List the prime factors of 1345356253.
1345356253
List the prime factors of 1194988870.
2, 5, 41, 2914607
List the prime factors of 1276369.
43, 29683
What are the prime factors of 5194508207?
7, 97, 173, 44221
List the prime factors of 77395576.
2, 9674447
What are the prime factors of 288833965?
5, 7, 8252399
What are the prime factors of 1021924060?
2, 5, 17, 101, 29759
List the prime factors of 1965060821.
17, 23, 5025731
List the prime factors of 906063758.
2, 433, 1046263
List the prime factors of 1306616784.
2, 3, 11, 257, 9629
List the prime factors of 47048412.
2, 3, 977, 4013
List the prime factors of 10196470.
2, 5, 1019647
List the prime factors of 2674669656.
2, 3, 59, 193, 9787
List the prime factors of 36721407.
3, 12240469
What are the prime factors of 1128134967?
3, 41, 9171829
List the prime factors of 7165388796.
2, 3, 79, 137, 55171
List the prime factors of 487426.
2, 19, 101, 127
What are the prime factors of 601378907?
23, 83, 211, 1493
What are the prime factors of 308003224?
2, 19, 449, 4513
What are the prime factors of 98718858?
2, 3, 7, 179, 1459
What are the prime factors of 1225486614?
2, 3, 11, 3089, 6011
What are the prime factors of 152288721?
3, 13, 271, 1601
What are the prime factors of 695106055?
5, 7, 19860173
What are the prime factors of 648401062?
2, 324200531
What are the prime factors of 59827445?
5, 107, 111827
List the prime factors of 59125541.
17, 3477973
List the prime factors of 106578989.
11, 1597, 6067
What are the prime factors of 363298277?
107, 113, 30047
List the prime factors of 15937293.
3, 103, 51577
What are the prime factors of 106114080?
2, 3, 5, 221071
List the prime factors of 316539262.
2, 13, 12174587
List the prime factors of 2652065798.
2, 37, 35838727
List the prime factors of 39379094.
2, 19689547
List the prime factors of 1881677431.
61, 30847171
List the prime factors of 4126525.
5, 13, 12697
What are the prime factors of 625440937?
11, 41, 1386787
What are the prime factors of 1968717684?
2, 3, 8539, 19213
List the prime factors of 4298592.
2, 3, 44777
List the prime factors of 963820611.
3, 13, 8237783
List the prime factors of 110764336.
2, 47, 147293
List the prime factors of 1436082.
2, 3, 239347
List the prime factors of 198841712.
2, 12427607
What are the prime factors of 86730702?
2, 3, 17, 850301
What are the prime factors of 8233163674?
2, 23, 499, 358681
What are the prime factors of 2170037186?
2, 1085018593
What are the prime factors of 29119879?
173, 168323
What are the prime factors of 1803915764?
2, 7, 17, 3789739
List the prime factors of 897772311.
3, 99752479
What are the prime factors of 801667318?
2, 43, 9321713
What are the prime factors of 71644216?
2, 7, 1279361
List the prime factors of 6396952786.
2, 7, 23, 89, 223217
List the prime factors of 213536708.
2, 7, 11, 14149
List the prime factors of 66837677.
66837677
List the prime factors of 765698815.
5, 7, 21877109
List the prime factors of 63183432.
2, 3, 13, 313, 647
What are the prime factors of 567961173?
3, 13, 124471
What are the prime factors of 2570805809?
11, 13, 1634333
What are the prime factors of 40117568?
2, 626837
List the prime factors of 398816257.
7, 56973751
What are the prime factors of 18351346?
2, 13, 705821
List the prime factors of 68725421.
47, 337, 4339
List the prime factors of 465989232.
2, 3, 227, 42767
List the prime factors of 266593957.
7, 167, 32579
What are the prime factors of 7823414921?
7, 159661529
What are the prime factors of 49601486?
2, 11, 1129, 1997
List the prime factors of 3554861114.
2, 7, 36274093
List the prime factors of 82691189.
7, 37, 47, 6793
List the prime factors of 61024788.
2, 3, 11, 73, 2111
List the prime factors of 3622036095.
3, 5, 8943299
List the prime factors of 38845178.
2, 313, 62053
What are the prime factors of 430638751?
2389, 180259
List the prime factors of 562849797.
3, 187616599
What are the prime factors of 159221558?
2, 17, 19, 246473
What are the prime factors of 6160639?
6160639
List the prime factors of 343100800.
2, 5, 7, 17, 53
List the prime factors of 2292355878.
2, 3, 353, 1082321
What are the prime factors of 2548481012?
2, 7, 11, 1831, 4519
List the prime factors of 1647332745.
3, 5, 353, 311111
What are the prime factors of 251129071?
79, 3178849
What are the prime factors of 91983598?
2, 7, 19, 345803
What are the prime factors of 53079705?
3, 5, 7, 79
List the prime factors of 17304802.
2, 8652401
What are the prime factors of 384765434?
2, 192382717
What are the prime factors of 66007523?
66007523
What are the prime factors of 42785143?
277, 154459
List the prime factors of 810723564.
2, 3, 7, 3217157
What are the prime factors of 114647739?
3, 1063, 35951
List the prime factors of 1549299897.
3, 5821, 29573
What are the prime factors of 417694948?
2, 11, 43, 277, 797
What are the prime factors of 1782983767?
1782983767
List the prime factors of 32376175.
5, 13, 79, 97
What are the prime factors of 201190370?
2, 5, 20119037
What are the prime factors of 7430410?
2, 5, 13, 61, 937
List the prime factors of 1609082304.
2, 3, 2339, 3583
List the prime factors of 302114308.
2, 47, 1606991
What are the prime factors of 100712454?
2, 3, 17, 241
What are the prime factors of 67819075?
5, 19, 67, 2131
What are the prime factors of 470015388?
2, 3, 17, 19, 83, 487
List the prime factors of 194787666.
2, 3, 17, 70729
List the prime factors of 1556721128.
2, 37, 41, 128273
List the prime factors of 1043021638.
2, 17, 37, 829111
List the prime factors of 78085137.
3, 13, 389, 5147
What are the prime factors of 1668446999?
43, 902351
List the prime factors of 6093336902.
2, 47, 3527, 18379
What are the prime factors of 26676431?
2221, 12011
List the prime factors of 469479431.
211, 2225021
What are the prime factors of 25155793?
13, 103, 18787
What are the prime factors of 1548235